e of -1/8*t**4 + t**2 + 0*t + 0 + 0*t**3. Determine u(o).
-18
Let r(q) = -15*q**2 - q + 3. Let c be 2415/1288 + (-6)/(-4)*(-3)/(-36). Determine r(c).
-59
Let w(y) = y**2. Let k(d) = -d**2 - 2*d + 3. Let t(a) = -k(a) - 4*w(a). Suppose -213 = -43*i - 17*i - 11*i. What is t(i)?
-24
Let q(d) = d**2 + 12*d - 367. Let j be q(14). Let o(w) = w**3 + 4*w**2 - w - 18. Give o(j).
-6
Let n(f) = 4*f + 140. Let y be (16/112)/(6/(-1554)). Determine n(y).
-8
Let s(p) = p**2 + p. Suppose 5 = j, 0 = -0*o + 3*o + 5*j - 31. Suppose t - 48 = -5*d, t - o*d = d + 16. Let b = -29 + t. Determine s(b).
0
Let z(k) = -5 - 476*k + 240*k + 240*k - 1 - 3*k**2 + 2*k**2. Give z(0).
-6
Let c(g) be the second derivative of -g**4/12 - 3*g**3/2 - 3*g**2/2 - 6767*g. Give c(6).
-93
Let n be (9/6)/(6/32). Let f be 2/n + 28/16. Let l(k) = 19 - 23 + 2*k**f - 4*k**2. Determine l(-3).
-22
Let a(b) be the third derivative of -b**4/24 + b**3/3 - 2*b**2. Suppose -2*s + 28 = -3*r, -5*r + 3*s - 50 = -s. Let f be (r - (-374)/55)*(-1 - -6). Give a(f).
-2
Suppose -k + 5*b + 23 = 3*k, -4*k + 32 = 4*b. Suppose -c = 5 - k. Let m(w) = -w**2 + 2*w - 3. Calculate m(c).
-3
Suppose -20 = 4*n - 3*m, -n = 4*n + 4*m + 25. Let g(o) = -o + 3. Let j(u) = u + 4. Suppose 77*d + 7 = 84*d. Let c(l) = d*j(l) - g(l). What is c(n)?
-9
Let a(l) = -l**3 - 12*l**2 + 16*l + 37. Suppose 2*x - 5*h + 36 = 0, 3*h + 93 - 34 = -5*x. Calculate a(x).
-2
Let w be 952/88 - (1 + 39/(-33)). Let o(z) = -9*z + 5*z**2 - 2*z**3 - 7*z + w*z. Determine o(2).
-6
Let z(b) = 30*b - 3. Let d(l) = 9*l. Let n(p) = -4*d(p) + z(p). What is n(-5)?
27
Let p(s) = 5*s - 3. Let k(j) = -22*j + 14. Let o(w) = 2*k(w) + 9*p(w). Suppose -2*f = 8 + 2. What is o(f)?
-4
Let b(f) = -12*f - f**3 + 41*f**2 + 5 + 31*f**2 - 104*f**2 + 43*f**2. Give b(9).
59
Let d(w) be the third derivative of w**4/6 - 28*w**3 + 1111*w**2. Give d(44).
8
Suppose 3*a - 6 = 15. Suppose 0 = n - a*n - 48. Let z(d) = -d**3 - 9*d**2 - 8*d - 6. Give z(n).
-6
Let w(b) = -3*b + 12. Let j be (6 + 5 - 7) + 6. Give w(j).
-18
Let k be 114/76*(-2)/3. Let q(c) = -28*c**2 + 2*c + 4. Calculate q(k).
-26
Let l(i) = -2*i. Suppose 3 = 3*g - b, -5*g + 3*b + 0*b = -9. Let h be l(g). Suppose 3*a + 5*n = -2, -a - 3*n - 3 + 1 = h. Let t(w) = 5*w**3 - 1. Give t(a).
4
Let d(h) be the third derivative of h**6/30 - h**5/30 + h**4/8 - h**3/3 - h**2 - 528*h. Calculate d(1).
3
Let g be 4/2 + (-5)/15*-24. Let o(d) = 2 - g*d - 8*d**2 - 7*d**2 + 14*d**2. Give o(-10).
2
Let h(f) = -f**3 + 9*f**2 + f + 9. Let o = 773 - 764. Determine h(o).
18
Let i(w) = -372*w + 9679. Let y be i(26). Let v(g) = g**2 - 9*g + 10. Determine v(y).
-4
Let b = -66 + 54. Let z be 3/b*2 + 10/(-4). Let x(a) = -a**3 - 4*a**2 - 2*a + 2. Determine x(z).
-1
Let z(p) = -44 - 42 + 4 + 40 + 7*p. What is z(7)?
7
Let h(k) = -308*k**2 + 600*k**2 - 301*k**2 - 21*k + 6 - k**3 + 12*k. Calculate h(-7).
-29
Let u = 389 - 386. Suppose 5*c + 1 - 14 = 4*a, u*c + 5 = -4*a. Let o(j) = 7*j**3 - 1. Give o(c).
6
Let z(t) = -t**3 - 10*t**2 - 8*t + 5. Let b be -1 - (66/(-44))/(6/(-52)). Let d be b - ((-42)/9 + (-13)/39). What is z(d)?
-4
Let s(z) = 25*z**2 + 6*z + 27. Let f(h) = -12*h**2 - 3*h - 15. Let r(a) = -7*f(a) - 4*s(a). Give r(-1).
-16
Let f = 20 - 17. Let i be 30/12*(f + -1). Let t(a) = -a**2 - 61*a + 3. Let q(r) = -2*r**2 - 106*r + 7. Let b(j) = 4*q(j) - 7*t(j). What is b(i)?
-3
Let g(a) = -a**3 - 36*a**2 + 79*a + 123. Let i be g(-38). Let s(o) = -o**3 + 6*o**2 + 22*o - 7. Calculate s(i).
-52
Let p(i) = -11*i - 113 + 52 - i**3 + 17*i**2 + 59 + 8*i. Determine p(17).
-53
Let s(g) = 22*g + 14 + 10 + 12 - 10 - 20*g. Determine s(12).
50
Let k(w) = -w**2 + 6*w - 3. Suppose -2*t + 144 = -3*j + 119, 0 = -5*t - 5*j. Calculate k(t).
2
Let t be (-130)/(-25) + (-12)/10. Let q(n) be the second derivative of 1/6*n**3 + 0*n**2 - 24*n + 0 + 1/6*n**t. What is q(-2)?
6
Let f(m) be the first derivative of 2*m**3/3 - 5*m**2/2 + 4*m + 5. Suppose 5*w = -4*w + 109 - 82. What is f(w)?
7
Let f(d) = -d**2 + 6*d. Let j be f(5). Suppose 0 = -6*l + j + 7. Let c(o) = 3*o - 66*o**l + 46*o**2 - 2*o. Calculate c(1).
-19
Let h(u) = -u**3 + 13*u**2 + 16*u - 24. Let l be 74/111 + (-40)/(-3). Let i be h(l). Let j(z) = z - 2. Calculate j(i).
2
Let k(f) be the second derivative of 11*f**4/12 - 5*f**3/3 - 8*f**2 + 1346*f. Calculate k(-2).
48
Let d(z) = z + 2. Suppose 0 = -19*o + 16*o + 609. Let k = 213 - o. Calculate d(k).
12
Let t(m) = 8*m**3 - m**2 - 12*m + 83. Let w(b) = -b**3 + b**2 + 2*b - 12. Let r(l) = t(l) + 7*w(l). Suppose -3*f = 3*o + 15, -2*o + o + 2*f = 2. Calculate r(o).
23
Let f(y) = y**3 - 6*y**2 - 2*y + 4. Let x(h) = 47*h - 226. Let g be x(-16). Let k = g - -983. Calculate f(k).
-31
Let y(r) be the second derivative of -r**7/2520 - r**6/144 + r**5/60 + 131*r**4/12 - 97*r + 1. Let m(w) be the third derivative of y(w). Calculate m(-6).
-4
Let z(d) = 10*d**2 - 153*d + 131. Let r(o) = o**2 - 15*o + 13. Let p(t) = 21*r(t) - 2*z(t). What is p(3)?
-7
Let s(x) = 10*x**2 + 10*x - 6. Let g(z) = -33*z**2 - 29*z + 16. Let o(r) = 3*g(r) + 10*s(r). Calculate o(-13).
-12
Let v(z) be the first derivative of z**3/3 - 9*z**2/2 - 12*z - 344. What is v(8)?
-20
Let i(l) be the second derivative of -l**4/12 + l**3 + l**2/2 - l. Suppose -n = 3*q - 22, 2*q = -3*n + 5*n + 12. Let z be (-1)/(-2)*0 + 35/q. What is i(z)?
6
Suppose 5*m + 27 = 5*j - 3*j, 4*j - 9 = m. Let k be (-1*(0 - m))/1. Let s(c) = -184 + 2*c - 232 + 594 + c**2 - 181. Give s(k).
12
Let x(k) = -8*k + 11. Let h = 214 + -212. Let s be x(h). Let v(l) = -l**2 + 0*l + 2*l**2 + 6*l. Calculate v(s).
-5
Let s be (322/252 + (-9)/6)*9/(-2). Let z(m) = -15*m**3 - 2*m + 1. Calculate z(s).
-16
Suppose -140 = -12*o - 200. Suppose -5*m - 7 - 13 = 5*j, -j + 8 = 5*m. Let g = j - o. Let k(i) = -3*i**2 - i + 2. Calculate k(g).
-8
Suppose -x = -22 + 16. Suppose x*m - 253 = 221. Let p(i) = -m - 3*i + 81 + 2*i. Give p(-7).
9
Let d = 1686 + -1677. Let c(n) = n - 10. What is c(d)?
-1
Let p(z) = z**3 + z**2 - 2*z + 4. Let k be 5 - ((-4 - (2 + -4)) + 3). Suppose 16*h + 8 = x + 18*h, k = h. What is p(x)?
4
Let k(j) = -3*j - 12*j - 68 + 141 + 12*j. Determine k(25).
-2
Let d(h) be the third derivative of -h**5/60 - h**4/3 + 7*h**3/6 + 2*h**2. Let f(m) = m**3 - 28*m**2 - 193*m + 58. Let z be f(-6). Give d(z).
7
Let x(w) be the second derivative of -w**5/20 - 5*w**4/12 - 11*w**3/6 - 23*w**2/2 - 5*w - 84. What is x(-4)?
5
Let c be (5/15*-15)/(-1 - -2). Let i(n) = 3*n - 8. Let d(f) = f + 1. Let q(z) = -4*d(z) + i(z). Give q(c).
-7
Let u(n) = 2*n**2 - 5*n - 3. Let b(f) = 13*f**2 - 10*f - 5 + 4*f - 12*f**2. Let r(a) = -3*b(a) + 2*u(a). What is r(-7)?
2
Let w(b) = -25 - 9*b + b - 202 + 7*b - 16*b. Calculate w(-13).
-6
Let f(p) be the first derivative of 5/4*p**4 + 1/3*p**3 + 57 + 1/2*p**2 + 0*p. What is f(2)?
46
Let n be 10 + -10 - (-8)/2. Let b = 36 - 36. Suppose b*a = n*a + 24. Let s(z) = z + 12. Give s(a).
6
Let t(m) = -3*m + 16. Let y(q) = 29*q - 1131. Let s be y(39). What is t(s)?
16
Let n(f) = f - 1. Let c be n(4). Let i be 15 + (-22)/((-22)/(-3)). Suppose -11 = q + g, -q - 3*g + i = -c*q. Let l(s) = s**2 + 9*s + 3. Determine l(q).
3
Let s(y) = 902*y**2 + 4 - 8 - 1806*y**2 + 905*y**2. Suppose -100 = -3*q - w, 3*q - 2*w = -w + 92. Suppose -3*o - q = 5*t + 2, 0 = -4*o + 4*t + 8. Give s(o).
5
Let a(d) = 10*d + 5*d + 2023*d**2 - 1007*d**2 - d**3 - 1011*d**2 - 1. Let v(g) = g**2 - 2*g - 41. Let p be v(8). Give a(p).
6
Let m(j) be the first derivative of -j**4/12 + 23*j**3/3 - 9*j**2/2 - 12*j - 49. Let p(g) be the second derivative of m(g). What is p(21)?
4
Let c be (-13)/((-117)/135) - 11. Let x(h) = -252 - 2*h**2 - c*h + 4*h**2 + 258 - h**2. Suppose 20 = 7*q - 3*q. Give x(q).
11
Suppose 2*n + 39 = 18*n + 135. Let k(b) = 6*b - 6. What is k(n)?
-42
Let o = -2191 - -2203. Let k(g) = g**2 - 15*g + 2. Calculate k(o).
-34
Let a(f) be the second derivative of -f**5/10 - 5*f**4/4 - 7*f**3/3 + f**2/2 + 20*f - 38. Calculate a(-6).
-23
Suppose 0 = 4*u + a - 20, -2*u = 20*a - 22*a. Let v(o) = 5*o + 2. Let m(n) = -9*n - n - 3 + n + 0*n. Let j(w) = 4*m(w) + 7*v(w). What is j(u)?
-2
Suppose 3*o - 9 = 2*o. Let k(h) = o*h**2 - 3 + 5 - 10*h**2 - 3*h. Let y(j) = -2*j**3 - 28*j**2 - 3. Let d be y(-14). Determine k(d).
2
Let a(r) = 7*r + 16*r - 6*r - 11*r**2 + 16*r**2 - 2*r. Give a(-5).
50